{"id":18,"date":"2021-12-13T17:26:54","date_gmt":"2021-12-13T17:26:54","guid":{"rendered":"http:\/\/lacraquette.org\/?page_id=18"},"modified":"2025-06-23T12:54:19","modified_gmt":"2025-06-23T12:54:19","slug":"services","status":"publish","type":"page","link":"https:\/\/lacraquette.org\/?page_id=18","title":{"rendered":"Services"},"content":{"rendered":"\n<ul class=\"wp-block-list\">\n<li><a href=\"#Fosses\" data-type=\"internal\" data-id=\"#Fosses\">Fosses septiques<\/a> (proc\u00e9dure et contact)<\/li>\n\n\n\n<li><a href=\"#Ordures\" data-type=\"internal\" data-id=\"#Ordures\">Ordures<\/a> (horaires et dates)<\/li>\n\n\n\n<li><a href=\"#\u00c9lagage\" data-type=\"internal\" data-id=\"#\u00c9lagage\">\u00c9lagage<\/a><\/li>\n\n\n\n<li><a href=\"#D\u00e9neigement\" data-type=\"internal\" data-id=\"#D\u00e9neigement\">D\u00e9neigement<\/a><\/li>\n\n\n\n<li><a href=\"#Messes\" data-type=\"internal\" data-id=\"#Messes\">Messes<\/a><\/li>\n\n\n\n<li><a href=\"#Gravier\" data-type=\"internal\" data-id=\"#Gravier\">Gravier<\/a><\/li>\n<\/ul>\n\n\n\n<h2 class=\"wp-block-heading\" id=\"Fosses\">Fosses septiques<\/h2>\n\n\n\n<p>La Municipalit\u00e9 tient \u00e0 vous rappeler que la nouvelle m\u00e9thode retenue par La MRC BeauceSartigan ainsi que les consignes \u00e0 respecter se trouvent sur notre site internet au lien suivant :<br><a href=\"https:\/\/saintbenoitlabre.com\/fossesseptiques\/\">https:\/\/saintbenoitlabre.com\/fossesseptiques\/<\/a><br>Nous vous rappelons que la prochaine vidange des fosses septiques se fera du 2 au 13 juin 2025 inclusivement.<br><br>Si vous devez faire vidanger votre fosse, vous devez obligatoirement vous inscrire avant le passage de l&rsquo;op\u00e9rateur dans le secteur, en<br>communiquant par courriel \u00e0 fosse@vsjb.ca en prenant soin d&rsquo;inscrire votre adresse compl\u00e8te, nom et num\u00e9ro de t\u00e9l\u00e9phone ou en t\u00e9l\u00e9phonant au 418 226-5300.<br>TARIFS :<br>Vidange s\u00e9lective : 285,00 $<br>Vidange compl\u00e8te : 298,75$<br>Hors calendrier : 142,00 $<br>Urgence (autre que r\u00e9tention), Mises aux normes, vidange syst\u00e8me Hydro-Kin\u00e9tic \u00e0 moins de 48h d\u2019avis : 198,00 $<br>Urgence fosse de r\u00e9tention (fosse scell\u00e9e) dans un d\u00e9lai de moins de<br>5 jours ouvrables : 172,00$<br>D\u00e9placement inutile : 96,00 $<\/p>\n\n\n\n<h2 class=\"wp-block-heading\" id=\"Ordures\">Ordures (horaires et dates)<\/h2>\n\n\n\n<p>La cueillette des ordures dans les rues priv\u00e9es se fait du lundi 19 mai aux 2 semaines jusqu&rsquo;au 30 juin et \u00e0 partir du 7 juillet \u00e0 tous les lundis jusqu&rsquo;\u00e0 l&rsquo;automne. Celle du recyclage, tous les mercredi aux 2 semaines (21 mai, 4 juin, 18 juin, 2 juillet, 16 juillet, 30 juillet, 13 ao\u00fbt, 27 ao\u00fbt, etc). L&rsquo;hiver, la cueillette se fait aux 2 semaines sur le bord du grand chemin.<\/p>\n\n\n\n<h2 class=\"wp-block-heading\" id=\"\u00c9lagage\">\u00c9lagage<\/h2>\n\n\n\n<p>Contacts pour travaux d&rsquo;\u00e9lagage \u00e0 venir.<\/p>\n\n\n\n<p><strong>Chute des arbres dans la Route des Bourques<\/strong> :<\/p>\n\n\n\n<p>De jour, la semaine, appelez la municipalit\u00e9 418-228-9250 ou envoyez un courriel \u00e0 <a href=\"mailto:travauxpublics@saintbenoitlabre.com\">travauxpublics@saintbenoitlabre.com<\/a>.<\/p>\n\n\n\n<p>Les soirs et fins de semaine, CITAM prend en charge les appels d\u2019urgence. Les citoyens peuvent composer le 1-877-873-5679.<\/p>\n\n\n\n<h2 class=\"wp-block-heading\" id=\"D\u00e9neigement\">D\u00e9neigement<\/h2>\n\n\n\n<p>Contacts pour d\u00e9neigement \u00e0 venir.<\/p>\n\n\n\n<h2 class=\"wp-block-heading\" id=\"Gravier\">Gravier<\/h2>\n\n\n\n<p>Le gravier est \u00e9tendu dans les rues 1 \u00e0 6 avant le 24 juin et selon le budget dont l&rsquo;association dispose (montant remis par la municipalit\u00e9).<\/p>\n\n\n\n<h2 class=\"wp-block-heading\" id=\"Messes\">Messes<\/h2>\n\n\n\n<p>Les messes ne sont plus c\u00e9l\u00e9br\u00e9es \u00e0 tous les dimanches. Pour 2025, il y a deux messes de pr\u00e9vues les <strong>dimanches 20 et 27 juillet<\/strong> \u00e0 10h30.<\/p>\n","protected":false},"excerpt":{"rendered":"<p>Fosses septiques La Municipalit\u00e9 tient \u00e0 vous rappeler que la nouvelle m\u00e9thode retenue par La MRC BeauceSartigan ainsi que les consignes \u00e0 respecter se trouvent sur notre site internet au lien suivant :https:\/\/saintbenoitlabre.com\/fossesseptiques\/Nous vous rappelons que la prochaine vidange des fosses septiques se fera du 2 au 13 juin 2025 inclusivement. Si vous devez faire&hellip; <a class=\"more-link\" href=\"https:\/\/lacraquette.org\/?page_id=18\">Poursuivre la lecture <span class=\"screen-reader-text\">Services<\/span><\/a><\/p>\n","protected":false},"author":1,"featured_media":0,"parent":0,"menu_order":0,"comment_status":"closed","ping_status":"closed","template":"","meta":{"footnotes":""},"class_list":["post-18","page","type-page","status-publish","hentry","entry"],"_links":{"self":[{"href":"https:\/\/lacraquette.org\/index.php?rest_route=\/wp\/v2\/pages\/18","targetHints":{"allow":["GET"]}}],"collection":[{"href":"https:\/\/lacraquette.org\/index.php?rest_route=\/wp\/v2\/pages"}],"about":[{"href":"https:\/\/lacraquette.org\/index.php?rest_route=\/wp\/v2\/types\/page"}],"author":[{"embeddable":true,"href":"https:\/\/lacraquette.org\/index.php?rest_route=\/wp\/v2\/users\/1"}],"replies":[{"embeddable":true,"href":"https:\/\/lacraquette.org\/index.php?rest_route=%2Fwp%2Fv2%2Fcomments&post=18"}],"version-history":[{"count":18,"href":"https:\/\/lacraquette.org\/index.php?rest_route=\/wp\/v2\/pages\/18\/revisions"}],"predecessor-version":[{"id":237,"href":"https:\/\/lacraquette.org\/index.php?rest_route=\/wp\/v2\/pages\/18\/revisions\/237"}],"wp:attachment":[{"href":"https:\/\/lacraquette.org\/index.php?rest_route=%2Fwp%2Fv2%2Fmedia&parent=18"}],"curies":[{"name":"wp","href":"https:\/\/api.w.org\/{rel}","templated":true}]}}